 -10. Calculate the greatest common factor of v and 13.
13
Suppose -4*w + 113 = 585. Let k = w + 214. Let l be (5 + 7)/(3/4). What is the greatest common factor of l and k?
16
Let a = -100 - -244. Suppose 64 = -z + 5*z. Calculate the highest common factor of a and z.
16
Let n = 4 + 0. Calculate the greatest common divisor of 4 and n.
4
Suppose -5*b + 101 + 0 = 4*g, 0 = -2*b + 2*g + 44. Calculate the highest common factor of b and 7.
7
Let g(n) = 3*n**2 - 16. Let s be g(-4). What is the highest common divisor of s and 80?
16
Let i be (18/5)/(-4 - (-105)/25). Calculate the greatest common factor of i and 36.
18
Let y = -49 + 81. Calculate the highest common factor of 80 and y.
16
Let t(y) = 5*y**3 + y**2 - 2*y. Let q be t(1). Calculate the highest common factor of 8 and q.
4
Let t be 1892/55 - 2/5. Suppose 0 = -4*u + u + 93. Let s = u - 14. Calculate the highest common divisor of t and s.
17
Let j = -11 - -15. What is the highest common divisor of 36 and j?
4
Suppose -68 - 94 = -3*p. Let h = p + -15. Let o be ((-12)/(-18))/(2/39). What is the highest common divisor of h and o?
13
Let m be ((-1)/2)/(13/(-728)). Let k = m + -20. What is the greatest common divisor of 24 and k?
8
Suppose 2*s = 4*s. Let t be (6 - s)*(-68)/(-6). Let u(n) = -n**3 - 4*n**2 + 2*n + 2. Let r be u(-5). Calculate the greatest common factor of t and r.
17
Let w be (-30)/(-20)*(10 + 1 + 1). What is the greatest common divisor of 6 and w?
6
Let o(g) = -g**2 - 2*g + 8. Let j be o(6). Let u = 40 - j. What is the highest common factor of u and 10?
10
Let z(t) = 13*t**2 - 4*t - 3. Let f be z(-2). Let q = 81 - f. Calculate the greatest common divisor of q and 16.
8
Let l = 2 + -1. Let h(p) = p - 1. Let b be h(l). Suppose -2*t - m + 20 = -4, -4*t + 5*m + 76 = b. What is the highest common divisor of t and 21?
7
Let w(u) = -u + 7. Let m = 11 + -6. Let x be w(m). Let r = 38 - 24. Calculate the highest common divisor of x and r.
2
Let c = -14 - -7. Let r = 0 - c. What is the greatest common factor of 49 and r?
7
Let p(d) = d + 4. Let v be p(0). What is the greatest common divisor of v and 12?
4
Let i = -5 - 5. Let s be 5/(i/(-12)) - 0. Calculate the greatest common divisor of s and 30.
6
Suppose -4*o - 5*g + 49 + 64 = 0, 2*g = 10. Let b be ((-22)/44)/((-1)/o). What is the highest common divisor of b and 99?
11
Suppose 8 = -2*g, 22 = 2*s - 0*g - g. Calculate the highest common divisor of 24 and s.
3
Let c(u) = -u**2 - 8*u - 7. Let l be c(-7). Let i be l/3 - (-35 + 3). What is the highest common factor of 48 and i?
16
Suppose 3*i = 2*n + 115, 3*i = 2*i + 2*n + 45. Calculate the highest common divisor of i and 5.
5
Let v be 9 - (-7 + 3) - 0. What is the highest common factor of 91 and v?
13
Let n be 115*((-81)/(-15) + -3). Let s = n + -185. Calculate the highest common divisor of s and 13.
13
Suppose 20 = f - 5*f. Let j be -1 + 0 - f*1. Suppose -2*w = j*c - 150, 3*w - 63 = -2*c + 6*w. What is the highest common divisor of c and 9?
9
Let k(z) = 18*z - 32. Let i be k(3). Calculate the greatest common divisor of i and 77.
11
Suppose q = 5*t - 5, 0*t + 5*q + 25 = 2*t. Suppose t = -4*d + 15 - 3. What is the greatest common divisor of d and 6?
3
Let j be -248 + (-2 - (-2)/2). Let u = -141 - j. Let b be (4/(-8))/((-11)/264). What is the greatest common divisor of b and u?
12
Let y be 4 + 8 - -3 - 2. Calculate the highest common divisor of 13 and y.
13
Let y = 6 - -9. Let a be 2/(-8) - 62/8. Let k = 14 + a. What is the highest common factor of k and y?
3
Suppose 2*n - 112 = -5*i + 236, 5*i - 855 = -5*n. Let c = n - -6. What is the greatest common factor of c and 25?
25
Let f(q) = -2*q**3 - 2*q**2 + q. Let s be f(-2). Suppose -2*j = -s + 2. Let i = -19 - -27. What is the greatest common divisor of i and j?
2
Let g be -10*((-15)/(-6) - 3). Suppose -6 = 2*u, -93 = -3*t + g*u - 15. Let m = -6 + 13. What is the highest common factor of t and m?
7
Suppose -g = 4*q - 0*q - 130, 5*g - 56 = -2*q. What is the greatest common divisor of 264 and q?
33
Let u be (-76 - -1)/(12/(-8)). Let k = 86 - u. What is the highest common divisor of k and 4?
4
Suppose 3*b = -p - 15, -5*p + 5*b = -p + 43. Let m be (-220)/(-6) + 8/p. Calculate the greatest common divisor of 4 and m.
4
Let x = -4 + 16. Calculate the highest common divisor of 12 and x.
12
Suppose -3*g = 1 - 28. Calculate the greatest common divisor of g and 36.
9
Suppose 7*b - 40 = 3*b. Let g = 4 - b. Let l be ((-20)/3)/(g/27). What is the greatest common divisor of 10 and l?
10
Suppose 5*i = -2*a + 9, 7*a - 10 = 2*a. Let n = i + 1. Suppose -n*x = 6 - 20. Calculate the highest common factor of x and 14.
7
Suppose 17 = -0*x + x - h, -2*h + 23 = x. Calculate the greatest common factor of 171 and x.
19
Let k be -3 + (-195)/(-5) + -1. Suppose 4*i + 32 = 5*v - 1, i = -3*v + 13. Calculate the greatest common factor of v and k.
5
Let t = -652 + 924. Calculate the greatest common factor of t and 34.
34
Let z be (-2)/7 - 32/(-14). Let q(h) be the second derivative of 5*h**3/3 + h. Let u be q(1). Calculate the greatest common factor of z and u.
2
Suppose 0 = 3*j - 338 - 91. Let n = j + -89. What is the highest common divisor of n and 9?
9
Suppose -3*u + 168 = 3*v, 262 = 4*v + 5*u + 42. Calculate the greatest common factor of 40 and v.
20
Let v = 27 - 11. Let w = -9 + v. What is the greatest common divisor of w and 7?
7
Let b(q) = -q**3 + 9*q**2 + q - 6. Let i be b(9). Suppose 0 = i*u + 5*z - 54, 0 = 7*u - 2*u - 5*z - 130. What is the greatest common factor of u and 46?
23
Let a be 42/(-98) + 426/14. What is the highest common factor of a and 24?
6
Suppose -3*j + 5*j - 32 = 0. What is the greatest common factor of 48 and j?
16
Let w be (-7)/(7/(-10)) + -2. Calculate the greatest common factor of 2 and w.
2
Suppose 2*g + k - 32 = 0, k + 48 = 3*g - 2*k. What is the greatest common factor of 2 and g?
2
Let r(g) = g + 1. Let w be r(7). Suppose -2*z + 0 + w = 0. Let u be 131/z - 1/(-4). What is the highest common factor of 11 and u?
11
Let t(n) = -2*n**2 - 3*n + 4. Let x be t(-4). Let f = 31 + x. What is the greatest common factor of 120 and f?
15
Suppose -5*p + 40 = -0*p. Suppose -p = -2*q + 4. Suppose -g = -0*g - 48. Calculate the greatest common divisor of g and q.
6
Let u be ((-4)/5)/((-2)/5). Suppose -u*m = -92 - 4. Suppose 59 - 19 = 5*r. Calculate the greatest common divisor of m and r.
8
Suppose 0 = 4*z + z + 5*w - 60, 3*w = -9. Suppose z = -2*x + 67. What is the highest common divisor of x and 13?
13
Let u(v) = v**3 - 9*v**2 + 9*v - 9. Let o be u(8). Let w = o - 15. Let t = 0 - w. Calculate the greatest common divisor of t and 8.
8
Let z(d) = -9*d - 9. Let f be z(-6). Let w be (-1 - -52)*2/6. Suppose 3*n = -w + 71. What is the greatest common divisor of n and f?
9
Let f be -2 - 1/((2 + 0)/(-114)). Calculate the greatest common divisor of 22 and f.
11
Suppose 539 = 2*q - 21. Suppose -9*g = -4*g - q. What is the greatest common factor of g and 8?
8
Suppose -g + 80 = 3*n + 2*n, 2*n - g = 25. Calculate the highest common factor of 45 and n.
15
Let p(r) = r + 10. Let f be p(7). Let h = f - 7. Calculate the highest common factor of h and 30.
10
Let h be (-3 - -3) + (6 - 1). Let u(t) = t**2 - 3*t + 3. Let p be u(h). Calculate the highest common factor of p and 52.
13
Let x be (-3)/(-6) + (-66)/(-4). Let v = x - 3. Let z be 3*(-2)/(-6) - -20. Calculate the greatest common factor of z and v.
7
Suppose 8*w = 3*w - 100. Let h = -7 - w. Let l be 4/14 - 1634/(-14). What is the greatest common factor of l and h?
13
Suppose 19 = w - 5*x, -2*w + 28 = 2*w + 4*x. Calculate the highest common factor of 36 and w.
9
Let f be 0 + (0 - -3) - -3. What is the highest common factor of f and 54?
6
Suppose 57 = 3*k + 21. Calculate the highest common factor of 36 and k.
12
Suppose -2*s + 5*c + 255 = 3*s, 87 = 2*s - 5*c. Calculate the greatest common factor of s and 14.
14
Suppose h + 6 = 2*h. Let w(k) = k**2 + 8*k + 9. Let t be w(-7). Let i be t*((-15)/h)/(-1). Calculate the greatest common factor of i and 15.
5
Let z be 62 - -2 - (-2 + 5 + -3). What is the highest common factor of z and 24?
8
Let g = 4 + -2. Suppose -z = g*w - 12, 0 = w - 2*z - 0*z - 16. Calculate the highest common divisor of w and 8.
8
Let f(o) = o**2 + 7*o + 4. Let t be f(-7). Suppose -2*c + 0 = -t. Calculate the greate